{"id":129,"date":"2020-02-03T07:21:15","date_gmt":"2020-02-03T07:21:15","guid":{"rendered":"https:\/\/www.pirschheidi.com\/neu\/wordpress\/?page_id=129"},"modified":"2025-03-31T09:08:39","modified_gmt":"2025-03-31T07:08:39","slug":"newsletter","status":"publish","type":"page","link":"https:\/\/pirschheidi.com\/2020\/newsletter\/","title":{"rendered":"Newsletter"},"content":{"rendered":"\n<h2 class=\"wp-block-heading\">Potsdam glitzert<\/h2>\n\n\n\n<p>In unregelm\u00e4\u00dfigen Abst\u00e4nden (ca. einmal im Quartal) informieren wir alle Pirschheidi-Freunde mit unserem einzigartigen Newsletter. Wenn auch du die frische Schlager-Post in deinem E-Mail-Postfach haben m\u00f6chtest, bist du herzlich eingeladen, dich hier anzumelden:<\/p>\n\n\n\n<!-- Begin Mailchimp Signup Form -->\n<link href=\"\/\/cdn-images.mailchimp.com\/embedcode\/classic-10_7.css\" rel=\"stylesheet\" type=\"text\/css\">\n<div id=\"mc_embed_signup\">\n<form action=\"https:\/\/pirschheidi.us19.list-manage.com\/subscribe\/post?u=8d71d44aba65b6496e1f8753a&amp;id=0841f65050\" method=\"post\" id=\"mc-embedded-subscribe-form\" name=\"mc-embedded-subscribe-form\" class=\"validate\" target=\"_blank\" novalidate=\"\">\n    <div id=\"mc_embed_signup_scroll\">\n<div class=\"indicates-required\"><span class=\"asterisk\">*<\/span> wird ben\u00f6tigt<\/div>\n<div class=\"mc-field-group\">\n\t<label for=\"mce-EMAIL\">E-Mail <span class=\"asterisk\">*<\/span>\n<\/label>\n\t<input type=\"email\" value=\"\" name=\"EMAIL\" class=\"required email\" id=\"mce-EMAIL\">\n<\/div>\n<div class=\"mc-field-group\">\n\t<label for=\"mce-FNAME\">Vorname <\/label>\n\t<input type=\"text\" value=\"\" name=\"FNAME\" class=\"\" id=\"mce-FNAME\">\n<\/div>\n<div class=\"mc-field-group\">\n\t<label for=\"mce-LNAME\">Nachname <\/label>\n\t<input type=\"text\" value=\"\" name=\"LNAME\" class=\"\" id=\"mce-LNAME\">\n<\/div>\n<div class=\"mc-field-group size1of2\">\n\t<label for=\"mce-BIRTHDAY-month\">Geburtstag <\/label>\n\t<div class=\"datefield\">\n\t\t<span class=\"subfield dayfield\"><input class=\"birthday \" type=\"text\" pattern=\"[0-9]*\" value=\"\" placeholder=\"TT\" size=\"2\" maxlength=\"2\" name=\"BIRTHDAY[day]\" id=\"mce-BIRTHDAY-day\"><\/span>\n\t\t<span class=\"subfield monthfield\"><input class=\"birthday \" type=\"text\" pattern=\"[0-9]*\" value=\"\" placeholder=\"MM\" size=\"2\" maxlength=\"2\" name=\"BIRTHDAY[month]\" id=\"mce-BIRTHDAY-month\"><\/span> \/ \n\t\t<span class=\"small-meta nowrap\">( Tag \/ Monat )<\/span>\n\t<\/div>\n<\/div><div class=\"mc-field-group input-group\">\n    <strong>E-Mail-Format <\/strong>\n    <ul><li><input type=\"radio\" value=\"html\" name=\"EMAILTYPE\" id=\"mce-EMAILTYPE-0\" checked=\"\"><label for=\"mce-EMAILTYPE-0\">HTML<\/label><\/li>\n<li><input type=\"radio\" value=\"text\" name=\"EMAILTYPE\" id=\"mce-EMAILTYPE-1\"><label for=\"mce-EMAILTYPE-1\">Text<\/label><\/li>\n<\/ul>\n<\/div>\n\t<div id=\"mce-responses\" class=\"clear\">\n\t\t<div class=\"response\" id=\"mce-error-response\" style=\"display:none\"><\/div>\n\t\t<div class=\"response\" id=\"mce-success-response\" style=\"display:none\"><\/div>\n\t<\/div>    <!-- real people should not fill this in and expect good things - do not remove this or risk form bot signups-->\n    <div style=\"position: absolute; left: -5000px;\" aria-hidden=\"true\"><input type=\"text\" name=\"b_8d71d44aba65b6496e1f8753a_0841f65050\" tabindex=\"-1\" value=\"\"><\/div>\n    <div class=\"clear\"><input type=\"submit\" value=\"Anmelden\" name=\"subscribe\" id=\"mc-embedded-subscribe\" class=\"button\"><\/div>\n    <\/div>\n<\/form>\n<\/div>\n<script src=\"\/\/s3.amazonaws.com\/downloads.mailchimp.com\/js\/mc-validate.js\"><\/script>\n<script>(function($) {window.fnames = new Array(); window.ftypes = new Array();fnames[0]='EMAIL';ftypes[0]='email';fnames[1]='FNAME';ftypes[1]='text';fnames[2]='LNAME';ftypes[2]='text';fnames[3]='ADDRESS';ftypes[3]='address';fnames[4]='PHONE';ftypes[4]='phone';fnames[5]='BIRTHDAY';ftypes[5]='birthday'; \/*\n * Translated default messages for the $ validation plugin.\n * Locale: DE\n *\/\n$.extend($.validator.messages, {\n\trequired: \"Dieses Feld ist ein Pflichtfeld.\",\n\tmaxlength: $.validator.format(\"Geben Sie bitte maximal {0} Zeichen ein.\"),\n\tminlength: $.validator.format(\"Geben Sie bitte mindestens {0} Zeichen ein.\"),\n\trangelength: $.validator.format(\"Geben Sie bitte mindestens {0} und maximal {1} Zeichen ein.\"),\n\temail: \"Geben Sie bitte eine g\u00fcltige E-Mail Adresse ein.\",\n\turl: \"Geben Sie bitte eine g\u00fcltige URL ein.\",\n\tdate: \"Bitte geben Sie ein g\u00fcltiges Datum ein.\",\n\tnumber: \"Geben Sie bitte eine Nummer ein.\",\n\tdigits: \"Geben Sie bitte nur Ziffern ein.\",\n\tequalTo: \"Bitte denselben Wert wiederholen.\",\n\trange: $.validator.format(\"Geben Sie bitten einen Wert zwischen {0} und {1}.\"),\n\tmax: $.validator.format(\"Geben Sie bitte einen Wert kleiner oder gleich {0} ein.\"),\n\tmin: $.validator.format(\"Geben Sie bitte einen Wert gr\u00f6\u00dfer oder gleich {0} ein.\"),\n\tcreditcard: \"Geben Sie bitte ein g\u00fcltige Kreditkarten-Nummer ein.\"\n});}(jQuery));var $mcj = jQuery.noConflict(true);<\/script>\n<!--End mc_embed_signup-->\n","protected":false},"excerpt":{"rendered":"<p>Potsdam glitzert In unregelm\u00e4\u00dfigen Abst\u00e4nden (ca. einmal im Quartal) informieren wir alle Pirschheidi-Freunde mit unserem einzigartigen Newsletter. Wenn auch du die frische Schlager-Post in deinem E-Mail-Postfach haben m\u00f6chtest, bist du herzlich eingeladen, dich hier anzumelden: * wird ben\u00f6tigt E-Mail * Vorname Nachname Geburtstag \/ ( Tag \/ Monat ) E-Mail-Format HTML Text<\/p>\n","protected":false},"author":2,"featured_media":0,"parent":0,"menu_order":0,"comment_status":"closed","ping_status":"closed","template":"","meta":{"footnotes":""},"class_list":["post-129","page","type-page","status-publish","hentry"],"_links":{"self":[{"href":"https:\/\/pirschheidi.com\/2020\/wp-json\/wp\/v2\/pages\/129","targetHints":{"allow":["GET"]}}],"collection":[{"href":"https:\/\/pirschheidi.com\/2020\/wp-json\/wp\/v2\/pages"}],"about":[{"href":"https:\/\/pirschheidi.com\/2020\/wp-json\/wp\/v2\/types\/page"}],"author":[{"embeddable":true,"href":"https:\/\/pirschheidi.com\/2020\/wp-json\/wp\/v2\/users\/2"}],"replies":[{"embeddable":true,"href":"https:\/\/pirschheidi.com\/2020\/wp-json\/wp\/v2\/comments?post=129"}],"version-history":[{"count":6,"href":"https:\/\/pirschheidi.com\/2020\/wp-json\/wp\/v2\/pages\/129\/revisions"}],"predecessor-version":[{"id":1129,"href":"https:\/\/pirschheidi.com\/2020\/wp-json\/wp\/v2\/pages\/129\/revisions\/1129"}],"wp:attachment":[{"href":"https:\/\/pirschheidi.com\/2020\/wp-json\/wp\/v2\/media?parent=129"}],"curies":[{"name":"wp","href":"https:\/\/api.w.org\/{rel}","templated":true}]}}